 remainder when 2003 is divided by 154?
1
Calculate the remainder when 168 is divided by 19.
16
What is the remainder when 194 is divided by 65?
64
What is the remainder when 381 is divided by 56?
45
Calculate the remainder when 1563 is divided by 224.
219
What is the remainder when 1625 is divided by 37?
34
Calculate the remainder when 79 is divided by 27.
25
What is the remainder when 48 is divided by 17?
14
What is the remainder when 1758 is divided by 196?
190
Calculate the remainder when 5331 is divided by 116.
111
What is the remainder when 1089 is divided by 120?
9
Calculate the remainder when 128 is divided by 43.
42
What is the remainder when 30 is divided by 18?
12
Calculate the remainder when 86 is divided by 38.
10
What is the remainder when 947 is divided by 60?
47
Calculate the remainder when 5438 is divided by 904.
14
What is the remainder when 843 is divided by 104?
11
Calculate the remainder when 90 is divided by 3.
0
Calculate the remainder when 3955 is divided by 43.
42
What is the remainder when 534 is divided by 78?
66
Calculate the remainder when 3843 is divided by 44.
15
Calculate the remainder when 316 is divided by 80.
76
Calculate the remainder when 339 is divided by 34.
33
Calculate the remainder when 142 is divided by 41.
19
What is the remainder when 232 is divided by 201?
31
What is the remainder when 66 is divided by 30?
6
Calculate the remainder when 656 is divided by 88.
40
What is the remainder when 511 is divided by 5?
1
Calculate the remainder when 48 is divided by 24.
0
Calculate the remainder when 143 is divided by 72.
71
Calculate the remainder when 3 is divided by 3.
0
What is the remainder when 80 is divided by 1?
0
What is the remainder when 4075 is divided by 1356?
7
What is the remainder when 766 is divided by 40?
6
What is the remainder when 370 is divided by 183?
4
What is the remainder when 1127 is divided by 92?
23
Calculate the remainder when 606 is divided by 145.
26
What is the remainder when 5457 is divided by 127?
123
What is the remainder when 3306 is divided by 4?
2
Calculate the remainder when 170 is divided by 45.
35
Calculate the remainder when 3695 is divided by 154.
153
Calculate the remainder when 32 is divided by 22.
10
What is the remainder when 3302 is divided by 1100?
2
Calculate the remainder when 461 is divided by 225.
11
What is the remainder when 275 is divided by 57?
47
What is the remainder when 573 is divided by 107?
38
What is the remainder when 1571 is divided by 79?
70
What is the remainder when 1107 is divided by 11?
7
Calculate the remainder when 125 is divided by 52.
21
Calculate the remainder when 297 is divided by 34.
25
Calculate the remainder when 626 is divided by 26.
2
What is the remainder when 381 is divided by 123?
12
Calculate the remainder when 69 is divided by 37.
32
Calculate the remainder when 43247 is divided by 16.
15
What is the remainder when 45 is divided by 31?
14
What is the remainder when 39 is divided by 11?
6
What is the remainder when 1874 is divided by 14?
12
Calculate the remainder when 519 is divided by 18.
15
Calculate the remainder when 60 is divided by 14.
4
What is the remainder when 2894 is divided by 295?
239
Calculate the remainder when 400 is divided by 18.
4
What is the remainder when 1544 is divided by 490?
74
What is the remainder when 42 is divided by 2?
0
What is the remainder when 186 is divided by 49?
39
Calculate the remainder when 628 is divided by 30.
28
Calculate the remainder when 1245 is divided by 89.
88
What is the remainder when 5983 is divided by 35?
33
Calculate the remainder when 96 is divided by 20.
16
Calculate the remainder when 768 is divided by 87.
72
Calculate the remainder when 798 is divided by 80.
78
What is the remainder when 173 is divided by 45?
38
Calculate the remainder when 9150 is divided by 436.
430
Calculate the remainder when 2991 is divided by 120.
111
Calculate the remainder when 37698 is divided by 130.
128
What is the remainder when 552 is divided by 18?
12
What is the remainder when 228 is divided by 118?
110
Calculate the remainder when 116 is divided by 83.
33
Calculate the remainder when 229 is divided by 100.
29
What is the remainder when 47 is divided by 10?
7
What is the remainder when 339 is divided by 17?
16
What is the remainder when 98 is divided by 34?
30
What is the remainder when 257 is divided by 53?
45
Calculate the remainder when 429 is divided by 86.
85
Calculate the remainder when 321 is divided by 36.
33
Calculate the remainder when 53 is divided by 32.
21
What is the remainder when 34 is divided by 15?
4
What is the remainder when 1007 is divided by 25?
7
Calculate the remainder when 4044 is divided by 15.
9
What is the remainder when 118 is divided by 51?
16
Calculate the remainder when 227 is divided by 4.
3
Calculate the remainder when 94 is divided by 16.
14
What is the remainder when 314 is divided by 167?
147
Calculate the remainder when 64 is divided by 11.
9
Calculate the remainder when 74 is divided by 15.
14
Calculate the remainder when 6985 is divided by 170.
15
What is the remainder when 735 is divided by 236?
27
Calculate the remainder when 209 is divided by 32.
17
Calculate the remainder when 2308 is divided by 176.
20
Calculate the remainder when 833 is divided by 84.
77
What is the remainder when 44 is divided by 33?
11
Calculate the remainder when 1704 is divided by 57.
51
Calculate the remainder when 108 is divided by 26.
4
Calculate the remainder when 214 is divided by 7.
4
What is the remainder when 299 is divided by 75?
74
What is the remainder when 695 is divided by 4?
3
What is the remainder when 442 is divided by 50?
42
Calculate the remainder when 223 is divided by 5.
3
Calculate the remainder when 332 is divided by 64.
12
Calculate the remainder when 161 is divided by 9.
8
What is the remainder when 75 is divided by 23?
6
What is the remainder when 702 is divided by 106?
66
What is the remainder when 4449 is divided by 28?
25
Calculate the remainder when 77 is divided by 75.
2
Calculate the remainder when 712 is divided by 237.
1
Calculate the remainder when 534 is divided by 177.
3
What is the remainder when 941 is divided by 6?
5
Calculate the remainder when 378 is divided by 38.
36
What is the remainder when 83 is divided by 17?
15
What is the remainder when 308 is divided by 103?
102
What is the remainder when 9098 is divided by 4547?
4
Calculate the remainder when 2103 is divided by 8.
7
Calculate the remainder when 918 is divided by 20.
18
Calculate the remainder when 16982 is divided by 298.
294
Calculate the remainder when 2733 is divided by 38.
35
Calculate the remainder when 2079 is divided by 80.
79
What is the remainder when 810 is divided by 806?
4
What is the remainder when 376 is divided by 20?
16
What is the remainder when 355 is divided by 70?
5
Calculate the remainder when 178 is divided by 113.
65
Calculate the remainder when 9797 is divided by 40.
37
Calculate the remainder when 716 is divided by 45.
41
What is the remainder when 3199 is divided by 33?
31
What is the remainder when 487 is divided by 78?
19
What is the remainder when 973 is divided by 65?
63
Calculate the remainder when 36 is divided by 8.
4
What is the remainder when 4529 is divided by 6?
5
Calculate the remainder when 1428 is divided by 53.
50
Calculate the remainder when 786 is divided by 84.
30
Calculate the remainder when 770 is divided by 112.
98
What is the remainder when 33 is divided by 25?
8
Calculate the remainder when 80 is divided by 34.
12
What is the remainder when 2544 is divided by 143?
113
What is the remainder when 1735 is divided by 866?
3
What is the remainder when 161 is divided by 14?
7
What is the remainder when 128 is divided by 42?
2
What is the remainder when 831 is divided by 15?
6
Calculate the remainder when 106 is divided by 27.
25
What is the remainder when 1677 is divided by 1661?
16
What is the remainder when 196 is divided by 105?
91
What is the remainder when 1168 is divided by 67?
29
What is the remainder when 256 is divided by 10?
6
What is the remainder when 193 is divided by 89?
15
What is the remainder when 1688 is divided by 10?
8
Calculate the remainder when 189 is divided by 36.
9
Calculate the remainder when 7